{"id":851,"date":"2018-06-04T17:32:40","date_gmt":"2018-06-04T23:32:40","guid":{"rendered":"https:\/\/villatours.com.mx\/web\/?page_id=851"},"modified":"2026-04-13T13:53:55","modified_gmt":"2026-04-13T19:53:55","slug":"contacto","status":"publish","type":"page","link":"https:\/\/villatours.com.mx\/web\/contacto\/","title":{"rendered":"Contacto"},"content":{"rendered":"[vc_row][vc_column][\/vc_column][\/vc_row][mk_page_section][vc_column width=&#8221;1\/2&#8243;][vc_column_text css=&#8221;.vc_custom_1528154311909{margin-bottom: 0px !important;}&#8221;]\n<h4>Mensaje<\/h4>\n[\/vc_column_text][mk_contact_form style=&#8221;classic&#8221; button_text=&#8221;Enviar&#8221; email=&#8221;vacaciones@villatours.com.mx&#8221; captcha=&#8221;false&#8221; gdpr_consent=&#8221;false&#8221; el_class=&#8221;contacto-form&#8221;][\/vc_column][vc_column width=&#8221;1\/2&#8243;][vc_column_text css=&#8221;.vc_custom_1528154320598{margin-bottom: 0px !important;}&#8221;]\n<h4>Oficinas<\/h4>\n[\/vc_column_text][vc_tabs][vc_tab title=&#8221;Monterrey&#8221; tab_id=&#8221;1528129540-1-15&#8243;][mk_icon_box icon=&#8221;mk-moon-phone-2&#8243; title=&#8221;Tel\u00e9fono: +52 (81) 8335-1111&#8243; font_weight=&#8221;300&#8243; icon_size=&#8221;medium&#8221; icon_color=&#8221;#0e293f&#8221; icon_circle_color=&#8221;&#8221; margin=&#8221;6&#8243;][\/mk_icon_box][mk_icon_box icon=&#8221;mk-icon-map-marker&#8221; title=&#8221;Plaza 401 local A-4, Calzada del Valle 401, San Pedro Garza Garc\u00eda, N.L, 66220, M\u00e9xico&#8221; font_weight=&#8221;300&#8243; icon_size=&#8221;medium&#8221; icon_color=&#8221;#0e293f&#8221; icon_circle_color=&#8221;&#8221; margin=&#8221;6&#8243;][\/mk_icon_box][vc_gmaps link=&#8221;#E-8_JTNDaWZyYW1lJTIwc3JjJTNEJTIyaHR0cHMlM0ElMkYlMkZ3d3cuZ29vZ2xlLmNvbSUyRm1hcHMlMkZlbWJlZCUzRnBiJTNEJTIxMW0xOCUyMTFtMTIlMjExbTMlMjExZDM1OTYuNDU5Mjc3MzU2NTc3JTIxMmQtMTAwLjM2MzY0ODA0OTEwOTc4JTIxM2QyNS42NTYwNjU4MTkxNDU3NDUlMjEybTMlMjExZjAlMjEyZjAlMjEzZjAlMjEzbTIlMjExaTEwMjQlMjEyaTc2OCUyMTRmMTMuMSUyMTNtMyUyMTFtMiUyMTFzMHg4NjYyYmQ4ZTE1MmMxYTA3JTI1M0EweGU2ZjMyY2RkYzg3MTM5YTclMjEyc1ZpbGxhJTJCVG91cnMlMjE1ZTAlMjEzbTIlMjExc2VzJTIxMnNteCUyMTR2MTUyODQ3OTI0MTAwOSUyMiUyMHdpZHRoJTNEJTIyNDAwJTIyJTIwaGVpZ2h0JTNEJTIyMzAwJTIyJTIwZnJhbWVib3JkZXIlM0QlMjIwJTIyJTIwc3R5bGUlM0QlMjJib3JkZXIlM0EwJTIyJTIwYWxsb3dmdWxsc2NyZWVuJTNFJTNDJTJGaWZyYW1lJTNF&#8221; css=&#8221;.vc_custom_1528479257367{border-top-width: 0px !important;border-right-width: 0px !important;border-bottom-width: 0px !important;border-left-width: 0px !important;padding-top: 0px !important;padding-right: 0px !important;padding-bottom: 0px !important;padding-left: 0px !important;border-radius: 4px !important;}&#8221;][\/vc_tab][vc_tab title=&#8221;M\u00e9xico&#8221; tab_id=&#8221;1528129540-2-74&#8243;][mk_icon_box icon=&#8221;mk-moon-phone-2&#8243; title=&#8221;Tel\u00e9fono: +52 (55) 5080-1800&#8243; font_weight=&#8221;300&#8243; icon_size=&#8221;medium&#8221; icon_color=&#8221;#0e293f&#8221; icon_circle_color=&#8221;&#8221; margin=&#8221;6&#8243;][\/mk_icon_box][mk_icon_box icon=&#8221;mk-icon-map-marker&#8221; title=&#8221;R\u00edo Misisipi 52, Cuauht\u00e9moc, 06500 Ciudad de M\u00e9xico&#8221; font_weight=&#8221;300&#8243; icon_size=&#8221;medium&#8221; icon_color=&#8221;#0e293f&#8221; icon_circle_color=&#8221;&#8221; margin=&#8221;6&#8243;][\/mk_icon_box][vc_gmaps link=&#8221;#E-8_JTNDaWZyYW1lJTIwc3JjJTNEJTIyaHR0cHMlM0ElMkYlMkZ3d3cuZ29vZ2xlLmNvbSUyRm1hcHMlMkZlbWJlZCUzRnBiJTNEJTIxMW0xOCUyMTFtMTIlMjExbTMlMjExZDM3NjIuNjM2OTk5MDIzNjU2NyUyMTJkLTk5LjE3MzQ0NDQ2MTIxMzA1JTIxM2QxOS40MjgwODQwNTg5NTMzNTYlMjEybTMlMjExZjAlMjEyZjAlMjEzZjAlMjEzbTIlMjExaTEwMjQlMjEyaTc2OCUyMTRmMTMuMSUyMTNtMyUyMTFtMiUyMTFzMHg4NWQxZmY0YzA1NjcwZDU1JTI1M0EweDk5NzU4ZTViZWE4ODJiMzQlMjEyc1ZpbGxhJTJCVG91cnMlMjUyQyUyQlMuQS4lMkJkZSUyQkMuVi4lMjE1ZTAlMjEzbTIlMjExc2VzJTIxMnNteCUyMTR2MTUyODE1NTExMzI4MyUyMiUyMHdpZHRoJTNEJTIyNDAwJTIyJTIwaGVpZ2h0JTNEJTIyMzAwJTIyJTIwZnJhbWVib3JkZXIlM0QlMjIwJTIyJTIwc3R5bGUlM0QlMjJib3JkZXIlM0EwJTIyJTIwYWxsb3dmdWxsc2NyZWVuJTNFJTNDJTJGaWZyYW1lJTNF&#8221; css=&#8221;.vc_custom_1528155132852{border-top-width: 0px !important;border-right-width: 0px !important;border-bottom-width: 0px !important;border-left-width: 0px !important;padding-top: 0px !important;padding-right: 0px !important;padding-bottom: 0px !important;padding-left: 0px !important;border-radius: 4px !important;}&#8221;][\/vc_tab][vc_tab title=&#8221;Guadalajara&#8221; tab_id=&#8221;1528131560548-2-1&#8243;][mk_icon_box icon=&#8221;mk-moon-phone-2&#8243; title=&#8221;Tel\u00e9fono: +52 (33) 3880-2200&#8243; font_weight=&#8221;300&#8243; icon_size=&#8221;medium&#8221; icon_color=&#8221;#0e293f&#8221; icon_circle_color=&#8221;&#8221; margin=&#8221;6&#8243;][\/mk_icon_box][mk_icon_box icon=&#8221;mk-icon-map-marker&#8221; title=&#8221;Av. Obsidiana # 2662 Col. Residencial Victoria Zapopan, Jalisco, 45089, M\u00e9xico&#8221; font_weight=&#8221;300&#8243; icon_size=&#8221;medium&#8221; icon_color=&#8221;#0e293f&#8221; icon_circle_color=&#8221;&#8221; margin=&#8221;6&#8243;][\/mk_icon_box][vc_gmaps link=&#8221;#E-8_JTNDaWZyYW1lJTIwc3JjJTNEJTIyaHR0cHMlM0ElMkYlMkZ3d3cuZ29vZ2xlLmNvbSUyRm1hcHMlMkZlbWJlZCUzRnBiJTNEJTIxMW0xOCUyMTFtMTIlMjExbTMlMjExZDM3MzMuNjE4MzAzNzQ0NzA0NSUyMTJkLTEwMy40MDIzNzc0NDkxMTExOSUyMTNkMjAuNjQ0NDA5Mzg2MTQwMDg3JTIxMm0zJTIxMWYwJTIxMmYwJTIxM2YwJTIxM20yJTIxMWkxMDI0JTIxMmk3NjglMjE0ZjEzLjElMjEzbTMlMjExbTIlMjExczB4ODQyOGFkY2JmNTA5MzdkYiUyNTNBMHg1YTg5MjNjODY5ODI3Y2VlJTIxMnNBdiUyQk9ic2lkaWFuYSUyQjI2NjIlMjUyQyUyQlZpY3RvcmlhJTI1MkMlMkI0NTA2MCUyQlphcG9wYW4lMjUyQyUyQkphbC4lMjE1ZTAlMjEzbTIlMjExc2VzJTIxMnNteCUyMTR2MTU2NDUyNTk3Mzg5MCUyMTVtMiUyMTFzZXMlMjEyc214JTIyJTIwd2lkdGglM0QlMjI2MDAlMjIlMjBoZWlnaHQlM0QlMjI0NTAlMjIlMjBmcmFtZWJvcmRlciUzRCUyMjAlMjIlMjBzdHlsZSUzRCUyMmJvcmRlciUzQTAlMjIlMjBhbGxvd2Z1bGxzY3JlZW4lM0UlM0MlMkZpZnJhbWUlM0U=&#8221; css=&#8221;.vc_custom_1564525997862{border-top-width: 0px !important;border-right-width: 0px !important;border-bottom-width: 0px !important;border-left-width: 0px !important;padding-top: 0px !important;padding-right: 0px !important;padding-bottom: 0px !important;padding-left: 0px !important;border-radius: 4px !important;}&#8221;][\/vc_tab][\/vc_tabs][\/vc_column][\/mk_page_section]\n","protected":false},"excerpt":{"rendered":"<p>[vc_row][vc_column][\/vc_column][\/vc_row][mk_page_section][vc_column width=&#8221;1\/2&#8243;][vc_column_text css=&#8221;.vc_custom_1528154311909{margin-bottom: 0px !important;}&#8221;] Mensaje [\/vc_column_text][mk_contact_form style=&#8221;classic&#8221; button_text=&#8221;Enviar&#8221; email=&#8221;vacaciones@villatours.com.mx&#8221; captcha=&#8221;false&#8221; gdpr_consent=&#8221;false&#8221; el_class=&#8221;contacto-form&#8221;][\/vc_column][vc_column width=&#8221;1\/2&#8243;][vc_column_text css=&#8221;.vc_custom_1528154320598{margin-bottom: 0px !important;}&#8221;] Oficinas [\/vc_column_text][vc_tabs][vc_tab title=&#8221;Monterrey&#8221; tab_id=&#8221;1528129540-1-15&#8243;][mk_icon_box icon=&#8221;mk-moon-phone-2&#8243; title=&#8221;Tel\u00e9fono: +52 (81) 8335-1111&#8243; font_weight=&#8221;300&#8243; icon_size=&#8221;medium&#8221; icon_color=&#8221;#0e293f&#8221; icon_circle_color=&#8221;&#8221; margin=&#8221;6&#8243;][\/mk_icon_box][mk_icon_box icon=&#8221;mk-icon-map-marker&#8221; title=&#8221;Plaza 401 local A-4, Calzada del Valle 401, San Pedro Garza Garc\u00eda, N.L, 66220, M\u00e9xico&#8221; font_weight=&#8221;300&#8243; icon_size=&#8221;medium&#8221; icon_color=&#8221;#0e293f&#8221; icon_circle_color=&#8221;&#8221; margin=&#8221;6&#8243;][\/mk_icon_box][vc_gmaps link=&#8221;#E-8_JTNDaWZyYW1lJTIwc3JjJTNEJTIyaHR0cHMlM0ElMkYlMkZ3d3cuZ29vZ2xlLmNvbSUyRm1hcHMlMkZlbWJlZCUzRnBiJTNEJTIxMW0xOCUyMTFtMTIlMjExbTMlMjExZDM1OTYuNDU5Mjc3MzU2NTc3JTIxMmQtMTAwLjM2MzY0ODA0OTEwOTc4JTIxM2QyNS42NTYwNjU4MTkxNDU3NDUlMjEybTMlMjExZjAlMjEyZjAlMjEzZjAlMjEzbTIlMjExaTEwMjQlMjEyaTc2OCUyMTRmMTMuMSUyMTNtMyUyMTFtMiUyMTFzMHg4NjYyYmQ4ZTE1MmMxYTA3JTI1M0EweGU2ZjMyY2RkYzg3MTM5YTclMjEyc1ZpbGxhJTJCVG91cnMlMjE1ZTAlMjEzbTIlMjExc2VzJTIxMnNteCUyMTR2MTUyODQ3OTI0MTAwOSUyMiUyMHdpZHRoJTNEJTIyNDAwJTIyJTIwaGVpZ2h0JTNEJTIyMzAwJTIyJTIwZnJhbWVib3JkZXIlM0QlMjIwJTIyJTIwc3R5bGUlM0QlMjJib3JkZXIlM0EwJTIyJTIwYWxsb3dmdWxsc2NyZWVuJTNFJTNDJTJGaWZyYW1lJTNF&#8221; css=&#8221;.vc_custom_1528479257367{border-top-width: 0px [&hellip;]<\/p>\n","protected":false},"author":1,"featured_media":0,"parent":0,"menu_order":0,"comment_status":"closed","ping_status":"closed","template":"","meta":[],"acf":[],"_links":{"self":[{"href":"https:\/\/villatours.com.mx\/web\/wp-json\/wp\/v2\/pages\/851"}],"collection":[{"href":"https:\/\/villatours.com.mx\/web\/wp-json\/wp\/v2\/pages"}],"about":[{"href":"https:\/\/villatours.com.mx\/web\/wp-json\/wp\/v2\/types\/page"}],"author":[{"embeddable":true,"href":"https:\/\/villatours.com.mx\/web\/wp-json\/wp\/v2\/users\/1"}],"replies":[{"embeddable":true,"href":"https:\/\/villatours.com.mx\/web\/wp-json\/wp\/v2\/comments?post=851"}],"version-history":[{"count":6,"href":"https:\/\/villatours.com.mx\/web\/wp-json\/wp\/v2\/pages\/851\/revisions"}],"predecessor-version":[{"id":1060,"href":"https:\/\/villatours.com.mx\/web\/wp-json\/wp\/v2\/pages\/851\/revisions\/1060"}],"wp:attachment":[{"href":"https:\/\/villatours.com.mx\/web\/wp-json\/wp\/v2\/media?parent=851"}],"curies":[{"name":"wp","href":"https:\/\/api.w.org\/{rel}","templated":true}]}}