{"id":19,"date":"2017-12-20T03:01:44","date_gmt":"2017-12-20T09:01:44","guid":{"rendered":"https:\/\/villatours.com.mx\/web\/?page_id=19"},"modified":"2018-06-12T20:37:11","modified_gmt":"2018-06-13T02:37:11","slug":"home","status":"publish","type":"page","link":"https:\/\/villatours.com.mx\/web\/","title":{"rendered":"home"},"content":{"rendered":"[vc_row][vc_column][rev_slider_vc alias=&#8221;main-slider&#8221;][\/vc_column][\/vc_row][mk_page_section min_height=&#8221;0&#8243; padding_top=&#8221;0&#8243; padding_bottom=&#8221;0&#8243; el_class=&#8221;buscador-absoluto&#8221; sidebar=&#8221;sidebar-1&#8243;][vc_column][vc_raw_html]JTNDZGl2JTIwaWQlM0QlMjJwdHctY29udGFpbmVyJTIyJTIwY2xhc3MlM0QlMjJwdHctbWVudS12ZXJ0aWNhbCUyMiUzRSUwQSUzQ3NjcmlwdCUyMHR5cGUlM0QlMjJ0ZXh0JTJGamF2YXNjcmlwdCUyMiUyMHNyYyUzRCUyMmh0dHAlM0ElMkYlMkZ3aWRnZXRzLnByaWNlcmVzLmNvbS5teCUyRnZpbGxhdG91cnMlMkZqc29ucEJvb2tlciUyRnN0YXJ0V2lkZ2V0JTNGJTBBY29udGFpbmVyJTNEcHR3LWNvbnRhaW5lciUyNlVzZUNvbmZpZ3MlM0RmYWxzZSUyMiUzRSUzQyUyRnNjcmlwdCUzRSUzQyUyRmRpdiUzRSUwQSUwQQ==[\/vc_raw_html][vc_raw_html]JTNDZGl2JTIwY2xhc3MlM0QlMjJ0YXJqZXRhcyUyMiUzRSUwQSUzQ2g0JTIwc3R5bGUlM0QlMjIlMjAlMjAlMjAlMjBkaXNwbGF5JTNBJTIwdGFibGUtY2VsbCUzQnZlcnRpY2FsLWFsaWduJTNBJTIwbWlkZGxlJTNCZm9udC1zaXplJTNBJTIwMTNweCUzQmNvbG9yJTNBJTIwJTIzOWUxZTFlJTNCJTIyJTNFSEFTVEElMjAyNCUyME1FU0VTJTIwU0lOJTIwSU5URVJFU0VTJTNDJTJGaDQlM0UlMEElM0NpbWclMjBzcmMlM0QlMjJodHRwJTNBJTJGJTJGbWFyaW9yb3NhZG8uY29tLm14JTJGdmlsbGF0b3VycyUyRndwLWNvbnRlbnQlMkZ1cGxvYWRzJTJGMjAxOCUyRjAzJTJGY2FwdHVyYS1kZS1wYW50YWxsYS0yMDE4LTAzLTE0LWEtbGFzLTEuMDUuMzAtcC5tLi5wbmclMjJzdHlsZSUzRCUyMmZsb2F0JTNBcmlnaHQlM0J3aWR0aCUzQSUyMDI1N3B4JTNCJTIyJTNFJTBBJTNDJTJGZGl2JTNF[\/vc_raw_html][\/vc_column][\/mk_page_section][mk_page_section bg_color=&#8221;#ffffff&#8221; padding_top=&#8221;40&#8243; padding_bottom=&#8221;40&#8243; sidebar=&#8221;sidebar-1&#8243;][vc_column][vc_column_text css=&#8221;.vc_custom_1519346033737{margin-bottom: 0px !important;}&#8221;]\n<h3 class=\"encabezados\">Elige la ocasi\u00f3n<\/h3>\n<p class=\"center-p\">No importa cu\u00e1l sea la ocasi\u00f3n, tenemos el destino ideal para ese viaje que est\u00e1s planeando<\/p>\n<p> [\/vc_column_text][mk_gallery images=&#8221;36,35,34,33&#8243; custom_links=&#8221;\/web\/viajes-amigos\/,\/web\/viajes-aventura\/,\/web\/viajes-familia\/,\/web\/viajes-luna-de-miel\/,&#8221; column=&#8221;4&#8243; image_size=&#8221;full&#8221; hover_scenarios=&#8221;overlay_layer&#8221; overlay_color=&#8221;rgba(17,23,63,0.8)&#8221; el_class=&#8221;ocasion&#8221;][\/vc_column][\/mk_page_section][mk_page_section bg_image=&#8221;https:\/\/villatours.com.mx\/web\/wp-content\/uploads\/2018\/01\/pareja-cell.jpg&#8221; bg_color=&#8221;#f4f4f4&#8243; bg_position=&#8221;center top&#8221; bg_repeat=&#8221;no-repeat&#8221; enable_3d=&#8221;true&#8221; speed_factor=&#8221;0.2&#8243; bg_gradient=&#8221;horizontal&#8221; video_color_mask=&#8221;#1a2f6b&#8221; gr_end=&#8221;rgba(0,136,116,0.18)&#8221; video_opacity=&#8221;1&#8243; min_height=&#8221;200&#8243; padding_top=&#8221;60&#8243; padding_bottom=&#8221;40&#8243; sidebar=&#8221;sidebar-1&#8243;][vc_column][vc_column_text css=&#8221;.vc_custom_1518199552506{margin-bottom: 0px !important;}&#8221;]\n<h4 style=\"font-size: 28px; color: #fff; text-transform: none;\">Viaja con <span style=\"font-size: 36px; font-weight: bold;\">Internet Ilimitado<\/span><br \/>\n a trav\u00e9s de un hotspot<\/h4>\n<p style=\"color: #5bc1f3; font-size: 24px;\">10 USD + IVA <span style=\"font-weight: bold;\">\u00a1Solic\u00edtalo!<\/span><\/p>\n<p> [\/vc_column_text][\/vc_column][\/mk_page_section][mk_page_section bg_color=&#8221;#ffffff&#8221; padding_top=&#8221;50&#8243; padding_bottom=&#8221;50&#8243; sidebar=&#8221;sidebar-1&#8243;][vc_column][vc_column_text css=&#8221;.vc_custom_1519345622683{margin-bottom: 0px !important;}&#8221;]\n<h3 class=\"encabezados\">Buscar por regi\u00f3n<\/h3>\n<p class=\"center-p\">Elige una regi\u00f3n y consulta los paquetes mostrados abajo. Puedes usar los filtros si est\u00e1n disponibles en la secci\u00f3n de tu inter\u00e9s<\/p>\n<p> [\/vc_column_text][vc_raw_html]JTNDc3R5bGUlM0UlMEElMEFsaS5hY3RpdmUlMjBhJTJDJTIwYSUzQWhvdmVyJTJDJTIwYSUzQWFjdGl2ZSUyMCU3QiUwQSUyMCUyMGNvbG9yJTNBJTIwJTIzZTVlNWU1JTNCJTBBJTdEJTBBLm5vbWJyZS1yZWdpb24lMjAlN0IlMEElMjAlMjAlMjAlMjBjb2xvciUzQSUyMCUyM2ZmZiUzQiUwQSUyMCUyMCUyMCUyMHBhZGRpbmclM0ElMjAwcHglMjAxMnB4JTNCJTBBJTIwJTIwJTIwJTIwZGlzcGxheSUzQSUyMGlubGluZSUzQiUwQSUyMCUyMCUyMCUyMGZvbnQtd2VpZ2h0JTNBJTIwNzAwJTNCJTBBJTIwJTIwJTIwJTIwZm9udC1zaXplJTNBJTIwMTRweCUzQiUwQSUyMCUyMCUyMCUyMHRleHQtc2hhZG93JTNBJTIwMHB4JTIwMXB4JTIwMnB4JTIwJTIzMDAwJTNCJTBBJTIwJTIwJTIwJTIwd2lkdGglM0ElMjAxMDAlMjUlM0IlMEElMjAlMjAlMjAlMjBsaW5lLWhlaWdodCUzQSUyMDElM0IlMEElMjAlMjAlMjAlMjB3aGl0ZS1zcGFjZSUzQSUyMG5vd3JhcCUzQiUwQSUyMCUyMCUyMCUyMHZlcnRpY2FsLWFsaWduJTNBJTIwdG9wJTNCJTBBJTdEJTBBJTBBLmNlbnRlcmVkJTIwJTdCJTBBJTIwJTIwcG9zaXRpb24lM0ElMjBhYnNvbHV0ZSUzQiUwQSUyMCUyMHRvcCUzQSUyMDUwJTI1JTNCJTBBJTIwJTIwbGVmdCUzQSUyMDUwJTI1JTNCJTBBJTIwJTIwLXdlYmtpdC10cmFuc2Zvcm0lM0ElMjB0cmFuc2xhdGUlMjgtNTAlMjUlMkMlMjAtNTAlMjUlMjklM0IlMEElMjAlMjB0cmFuc2Zvcm0lM0ElMjB0cmFuc2xhdGUlMjgtNTAlMjUlMkMlMjAtNTAlMjUlMjklM0IlMEElN0QlMEElMEEuY2VudGVyZWQteSUyMCU3QiUwQSUyMCUyMHBvc2l0aW9uJTNBJTIwYWJzb2x1dGUlM0IlMEElMjAlMjB3aWR0aCUzQSUyMDEwMCUyNSUzQiUwQSUyMCUyMHRvcCUzQSUyMDUwJTI1JTNCJTBBJTIwJTIwLXdlYmtpdC10cmFuc2Zvcm0lM0ElMjB0cmFuc2xhdGVZJTI4LTUwJTI1JTI5JTNCJTBBJTIwJTIwdHJhbnNmb3JtJTNBJTIwdHJhbnNsYXRlWSUyOC01MCUyNSUyOSUzQiUwQSU3RCUwQSUwQS5kaXN0cmlidXRpb24tbWFwJTIwJTdCJTBBJTIwJTIwcG9zaXRpb24lM0ElMjByZWxhdGl2ZSUzQiUwQSUyMCUyMHdpZHRoJTNBJTIwMTAwJTI1JTNCJTBBJTIwJTIwcGFkZGluZyUzQSUyMDIwcHglM0IlMEElMjAlMjAtd2Via2l0LWJveC1zaXppbmclM0ElMjBib3JkZXItYm94JTNCJTBBJTIwJTIwYm94LXNpemluZyUzQSUyMGJvcmRlci1ib3glM0IlMEElMjAlMjBtYXJnaW4lM0ElMjAwJTIwYXV0byUzQiUwQSU3RCUwQS5kaXN0cmlidXRpb24tbWFwJTIwJTNFJTIwaW1nJTIwJTdCJTBBJTIwJTIwd2lkdGglM0ElMjAxMDAlMjUlM0IlMEElMjAlMjBwb3NpdGlvbiUzQSUyMHJlbGF0aXZlJTNCJTBBJTIwJTIwbWFyZ2luJTNBJTIwMCUzQiUwQSUyMCUyMHBhZGRpbmclM0ElMjAwJTNCJTBBJTdEJTBBLmRpc3RyaWJ1dGlvbi1tYXAlMjAubWFwLXBvaW50JTIwJTdCJTBBJTIwJTIwY3Vyc29yJTNBJTIwcG9pbnRlciUzQiUwQSUyMCUyMG91dGxpbmUlM0ElMjBub25lJTNCJTBBJTIwJTIwei1pbmRleCUzQSUyMDAlM0IlMEElMjAlMjBwb3NpdGlvbiUzQSUyMGFic29sdXRlJTNCJTBBJTIwJTIwd2lkdGglM0ElMjAyMHB4JTNCJTBBJTIwJTIwJTIwJTIwaGVpZ2h0JTNBJTIwMjBweCUzQiUwQSUyMCUyMCUyMCUyMGJvcmRlci1yYWRpdXMlM0ElMjAxMHB4JTNCJTBBJTIwJTIwZmlsdGVyJTNBJTIwcHJvZ2lkJTNBRFhJbWFnZVRyYW5zZm9ybS5NaWNyb3NvZnQuQWxwaGElMjhPcGFjaXR5JTNEODAlMjklM0IlMEElMjAlMjBvcGFjaXR5JTNBJTIwMSUzQiUwQSUyMCUyMC13ZWJraXQtdHJhbnNmb3JtJTNBJTIwdHJhbnNsYXRlJTI4LTUwJTI1JTJDJTIwLTUwJTI1JTI5JTNCJTBBJTIwJTIwdHJhbnNmb3JtJTNBJTIwdHJhbnNsYXRlJTI4LTUwJTI1JTJDJTIwLTUwJTI1JTI5JTNCJTBBJTIwJTIwLW1vei10cmFuc2l0aW9uJTNBJTIwb3BhY2l0eSUyMDAuMjVzJTIwZWFzZS1pbi1vdXQlMjAwLjI1cyUyQyUyMHdpZHRoJTIwMC4yNXMlMjBlYXNlLWluLW91dCUyMDAuMjVzJTJDJTIwaGVpZ2h0JTIwMC4yNXMlMjBlYXNlLWluLW91dCUyMDAuMjVzJTJDJTIwei1pbmRleCUyMDAuMjVzJTIwZWFzZS1pbi1vdXQlMjAwLjI1cyUzQiUwQSUyMCUyMC1vLXRyYW5zaXRpb24lM0ElMjBvcGFjaXR5JTIwMC4yNXMlMjBlYXNlLWluLW91dCUyMDAuMjVzJTJDJTIwd2lkdGglMjAwLjI1cyUyMGVhc2UtaW4tb3V0JTIwMC4yNXMlMkMlMjBoZWlnaHQlMjAwLjI1cyUyMGVhc2UtaW4tb3V0JTIwMC4yNXMlMkMlMjB6LWluZGV4JTIwMC4yNXMlMjBlYXNlLWluLW91dCUyMDAuMjVzJTNCJTBBJTIwJTIwLXdlYmtpdC10cmFuc2l0aW9uJTNBJTIwb3BhY2l0eSUyMDAuMjVzJTIwZWFzZS1pbi1vdXQlMkMlMjB3aWR0aCUyMDAuMjVzJTIwZWFzZS1pbi1vdXQlMkMlMjBoZWlnaHQlMjAwLjI1cyUyMGVhc2UtaW4tb3V0JTJDJTIwei1pbmRleCUyMDAuMjVzJTIwZWFzZS1pbi1vdXQlM0IlMEElMjAlMjAtd2Via2l0LXRyYW5zaXRpb24tZGVsYXklM0ElMjAwLjI1cyUyQyUyMDAuMjVzJTJDJTIwMC4yNXMlMkMlMjAwLjI1cyUzQiUwQSUyMCUyMC13ZWJraXQtdHJhbnNpdGlvbiUzQSUyMG9wYWNpdHklMjAwLjI1cyUyMGVhc2UtaW4tb3V0JTIwMC4yNXMlMkMlMjB3aWR0aCUyMDAuMjVzJTIwZWFzZS1pbi1vdXQlMjAwLjI1cyUyQyUyMGhlaWdodCUyMDAuMjVzJTIwZWFzZS1pbi1vdXQlMjAwLjI1cyUyQyUyMHotaW5kZXglMjAwLjI1cyUyMGVhc2UtaW4tb3V0JTIwMC4yNXMlM0IlMEElMjAlMjB0cmFuc2l0aW9uJTNBJTIwb3BhY2l0eSUyMDAuMjVzJTIwZWFzZS1pbi1vdXQlMjAwLjI1cyUyQyUyMHdpZHRoJTIwMC4yNXMlMjBlYXNlLWluLW91dCUyMDAuMjVzJTJDJTIwaGVpZ2h0JTIwMC4yNXMlMjBlYXNlLWluLW91dCUyMDAuMjVzJTJDJTIwei1pbmRleCUyMDAuMjVzJTIwZWFzZS1pbi1vdXQlMjAwLjI1cyUzQiUwQSUyMCUyMGJhY2tncm91bmQlM0ElMjAlMjMxNTNlYTUlM0IlMEElMjAlMjAlMjAlMjBib3JkZXIlM0ElMjAycHglMjBzb2xpZCUyMCUyM2ZmZmZmZiUzQiUwQSUyMCUyMCUyMCUyMGJveC1zaGFkb3clM0ElMjAwcHglMjAycHglMjA2cHglMjByZ2JhJTI4MCUyQzAlMkMwJTJDMC4zJTI5JTNCJTBBJTdEJTBBLmRpc3RyaWJ1dGlvbi1tYXAlMjAubWFwLXBvaW50JTIwLmNvbnRlbnQlMjAlN0IlMEElMjAlMjBmaWx0ZXIlM0ElMjBwcm9naWQlM0FEWEltYWdlVHJhbnNmb3JtLk1pY3Jvc29mdC5BbHBoYSUyOE9wYWNpdHklM0QwJTI5JTNCJTBBJTIwJTIwb3BhY2l0eSUzQSUyMDAlM0IlMEElMjAlMjAtd2Via2l0LXRyYW5zaXRpb24lM0ElMjBvcGFjaXR5JTIwMC4yNXMlMjBlYXNlLWluLW91dCUzQiUwQSUyMCUyMHRyYW5zaXRpb24lM0ElMjBvcGFjaXR5JTIwMC4yNXMlMjBlYXNlLWluLW91dCUzQiUwQSUyMCUyMHdpZHRoJTNBJTIwMTAwJTI1JTNCJTBBJTIwJTIwaGVpZ2h0JTNBJTIwMTAwJTI1JTNCJTBBJTIwJTIwbGVmdCUzQSUyMDUwJTI1JTNCJTBBJTIwJTIwLXdlYmtpdC10cmFuc2Zvcm0lM0ElMjB0cmFuc2xhdGVYJTI4LTUwJTI1JTI5JTNCJTBBJTIwJTIwdHJhbnNmb3JtJTNBJTIwdHJhbnNsYXRlWCUyOC01MCUyNSUyOSUzQiUwQSUyMCUyMG92ZXJmbG93JTNBJTIwb3ZlcmxheSUzQiUwQSU3RCUwQS5kaXN0cmlidXRpb24tbWFwJTIwLm1hcC1wb2ludCUzQWFjdGl2ZSUyQyUyMC5kaXN0cmlidXRpb24tbWFwJTIwLm1hcC1wb2ludCUzQWZvY3VzJTIwJTdCJTBBJTIwJTIwbWFyZ2luJTNBJTIwMCUzQiUwQSUyMCUyMHBhZGRpbmclM0ElMjAwJTNCJTBBJTIwJTIwZmlsdGVyJTNBJTIwcHJvZ2lkJTNBRFhJbWFnZVRyYW5zZm9ybS5NaWNyb3NvZnQuQWxwaGElMjhlbmFibGVkJTNEZmFsc2UlMjklM0IlMEElMjAlMjBvcGFjaXR5JTNBJTIwMSUzQiUwQSUyMCUyMHdpZHRoJTNBJTIwMTIwcHglM0IlMEElMjAlMjBoZWlnaHQlM0ElMjA1MHB4JTNCJTBBJTIwJTIwY29sb3IlM0ElMjAlMjNlNWU1ZTUlM0IlMEElMjAlMjB6LWluZGV4JTNBJTIwMSUzQiUwQSUyMCUyMC13ZWJraXQtdHJhbnNpdGlvbiUzQSUyMG9wYWNpdHklMjAwLjI1cyUyMGVhc2UtaW4tb3V0JTJDJTIwd2lkdGglMjAwLjI1cyUyMGVhc2UtaW4tb3V0JTJDJTIwaGVpZ2h0JTIwMC4yNXMlMjBlYXNlLWluLW91dCUzQiUwQSUyMCUyMHRyYW5zaXRpb24lM0ElMjBvcGFjaXR5JTIwMC4yNXMlMjBlYXNlLWluLW91dCUyQyUyMHdpZHRoJTIwMC4yNXMlMjBlYXNlLWluLW91dCUyQyUyMGhlaWdodCUyMDAuMjVzJTIwZWFzZS1pbi1vdXQlM0IlMEElN0QlMEEuZGlzdHJpYnV0aW9uLW1hcCUyMC5tYXAtcG9pbnQlM0FhY3RpdmUlMjAuY29udGVudCUyQyUyMC5kaXN0cmlidXRpb24tbWFwJTIwLm1hcC1wb2ludCUzQWZvY3VzJTIwLmNvbnRlbnQlMjAlN0IlMEElMjAlMjBmaWx0ZXIlM0ElMjBwcm9naWQlM0FEWEltYWdlVHJhbnNmb3JtLk1pY3Jvc29mdC5BbHBoYSUyOGVuYWJsZWQlM0RmYWxzZSUyOSUzQiUwQSUyMCUyMG9wYWNpdHklM0ElMjAxJTNCJTBBJTIwJTIwLW1vei10cmFuc2l0aW9uJTNBJTIwb3BhY2l0eSUyMDAuMjVzJTIwZWFzZS1pbi1vdXQlMjAwLjI1cyUyQyUyMGhlaWdodCUyMDAuMjVzJTIwZWFzZS1pbi1vdXQlMkMlMjBvdmVyZmxvdyUyMDAuMjVzJTIwZWFzZS1pbi1vdXQlM0IlMEElMjAlMjAtby10cmFuc2l0aW9uJTNBJTIwb3BhY2l0eSUyMDAuMjVzJTIwZWFzZS1pbi1vdXQlMjAwLjI1cyUyQyUyMGhlaWdodCUyMDAuMjVzJTIwZWFzZS1pbi1vdXQlMkMlMjBvdmVyZmxvdyUyMDAuMjVzJTIwZWFzZS1pbi1vdXQlM0IlMEElMjAlMjAtd2Via2l0LXRyYW5zaXRpb24lM0ElMjBvcGFjaXR5JTIwMC4yNXMlMjBlYXNlLWluLW91dCUyQyUyMGhlaWdodCUyMDAuMjVzJTIwZWFzZS1pbi1vdXQlMkMlMjBvdmVyZmxvdyUyMDAuMjVzJTIwZWFzZS1pbi1vdXQlM0IlMEElMjAlMjAtd2Via2l0LXRyYW5zaXRpb24tZGVsYXklM0ElMjAwLjI1cyUyQyUyMDBzJTJDJTIwMHMlM0IlMEElMjAlMjAtd2Via2l0LXRyYW5zaXRpb24lM0ElMjBvcGFjaXR5JTIwMC4yNXMlMjBlYXNlLWluLW91dCUyMDAuMjVzJTJDJTIwaGVpZ2h0JTIwMC4yNXMlMjBlYXNlLWluLW91dCUyQyUyMG92ZXJmbG93JTIwMC4yNXMlMjBlYXNlLWluLW91dCUzQiUwQSUyMCUyMHRyYW5zaXRpb24lM0ElMjBvcGFjaXR5JTIwMC4yNXMlMjBlYXNlLWluLW91dCUyMDAuMjVzJTJDJTIwaGVpZ2h0JTIwMC4yNXMlMjBlYXNlLWluLW91dCUyQyUyMG92ZXJmbG93JTIwMC4yNXMlMjBlYXNlLWluLW91dCUzQiUwQSUyMCUyMG92ZXJmbG93JTNBJTIwaGlkZGVuJTNCJTBBJTdEJTBBLmRpc3RyaWJ1dGlvbi1tYXAlMjAubWFwLXBvaW50JTNBYWN0aXZlJTIwLmNvbnRlbnQlMjBhJTNBaG92ZXIlMkMlMjAuZGlzdHJpYnV0aW9uLW1hcCUyMC5tYXAtcG9pbnQlM0FhY3RpdmUlMjAuY29udGVudCUyMGElM0FhY3RpdmUlMkMlMjAuZGlzdHJpYnV0aW9uLW1hcCUyMC5tYXAtcG9pbnQlM0Fmb2N1cyUyMC5jb250ZW50JTIwYSUzQWhvdmVyJTJDJTIwLmRpc3RyaWJ1dGlvbi1tYXAlMjAubWFwLXBvaW50JTNBZm9jdXMlMjAuY29udGVudCUyMGElM0FhY3RpdmUlMjAlN0IlMEElMjAlMjBjb2xvciUzQSUyMCUyM2FmZTFmYSUzQiUwQSU3RCUwQSUwQSUzQyUyRnN0eWxlJTNFJTBBJTBBJTBBJTBBJTNDZGl2JTIwY2xhc3MlM0QlMjJkaXN0cmlidXRpb24tbWFwJTIyJTNFJTBBJTIwJTIwJTIwJTIwJTNDaW1nJTIwc3JjJTNEJTIyaHR0cCUzQSUyRiUyRm1hcmlvcm9zYWRvLmNvbS5teCUyRnZpbGxhdG91cnMlMkZ3cC1jb250ZW50JTJGdXBsb2FkcyUyRjIwMTglMkYwMiUyRm1hcGEtY29sb3Jlcy0xMTcwLnBuZyUyMiUzRSUwQSUyMCUyMCUyMCUwQSUyMCUyMCUyMCUyMCUzQ2ElMjBocmVmJTNEJTIyaHR0cCUzQSUyRiUyRnd3dy5tZWdhdHJhdmVsLmNvbS5teCUyRnRvb2xzJTJGdmkucGhwJTNGRGVzdCUzRDMlMjIlMjB0YXJnZXQlM0QlMjJtZWdhdHJhdmVsJTIyJTNFJTNDYnV0dG9uJTIwY2xhc3MlM0QlMjJtYXAtcG9pbnQlMjIlMjBzdHlsZSUzRCUyMnRvcCUzQTMxJTI1JTNCbGVmdCUzQTE3JTI1JTIyJTNFJTBBJTIwJTIwJTIwJTIwJTIwJTIwJTIwJTIwJTNDc3BhbiUyMGNsYXNzJTNEJTIybm9tYnJlLXJlZ2lvbiUyMiUzRUNhbmFkYSUzQyUyRnNwYW4lM0UlMEElMjAlMjAlMjAlMjAlM0MlMkZidXR0b24lM0UlM0MlMkZhJTNFJTBBJTIwJTIwJTIwJTIwJTNDYSUyMGhyZWYlM0QlMjJodHRwJTNBJTJGJTJGd3d3Lm1lZ2F0cmF2ZWwuY29tLm14JTJGdG9vbHMlMkZ2aS5waHAlM0ZEZXN0JTNEOCUyMiUyMHRhcmdldCUzRCUyMm1lZ2F0cmF2ZWwlMjIlM0UlM0NidXR0b24lMjBjbGFzcyUzRCUyMm1hcC1wb2ludCUyMiUyMHN0eWxlJTNEJTIydG9wJTNBNDMlMjUlM0JsZWZ0JTNBMjQlMjUlMjIlM0UlMEElMjAlMjAlMjAlMjAlMjAlMjAlMjAlMjAlM0NzcGFuJTIwY2xhc3MlM0QlMjJub21icmUtcmVnaW9uJTIyJTNFRXN0YWRvcyUyMFVuaWRvcyUzQyUyRnNwYW4lM0UlMEElMjAlMjAlMjAlMjAlM0MlMkZidXR0b24lM0UlM0MlMkZhJTNFJTBBJTNDYSUyMGhyZWYlM0QlMjJodHRwJTNBJTJGJTJGd3d3Lm1lZ2F0cmF2ZWwuY29tLm14JTJGdG9vbHMlMkZ2aS5waHAlM0ZEZXN0JTNEMTElMjIlMjB0YXJnZXQlM0QlMjJtZWdhdHJhdmVsJTIyJTNFJTNDYnV0dG9uJTIwY2xhc3MlM0QlMjJtYXAtcG9pbnQlMjIlMjBzdHlsZSUzRCUyMnRvcCUzQTUwJTI1JTNCbGVmdCUzQTE5JTI1JTIyJTNFJTBBJTIwJTIwJTIwJTIwJTIwJTIwJTIwJTIwJTNDc3BhbiUyMGNsYXNzJTNEJTIybm9tYnJlLXJlZ2lvbiUyMiUzRU0lQzMlQTl4aWNvJTNDJTJGc3BhbiUzRSUwQSUyMCUyMCUyMCUyMCUzQyUyRmJ1dHRvbiUzRSUzQyUyRmElM0UlMEElM0NhJTIwaHJlZiUzRCUyMmh0dHAlM0ElMkYlMkZ3d3cubWVnYXRyYXZlbC5jb20ubXglMkZ0b29scyUyRnZpLnBocCUzRkRlc3QlM0QxMCUyMiUyMHRhcmdldCUzRCUyMm1lZ2F0cmF2ZWwlMjIlM0UlM0NidXR0b24lMjBjbGFzcyUzRCUyMm1hcC1wb2ludCUyMiUyMHN0eWxlJTNEJTIydG9wJTNBNTIlMjUlM0JsZWZ0JTNBMjglMjUlMjIlM0UlMEElMjAlMjAlMjAlMjAlMjAlMjAlMjAlMjAlM0NzcGFuJTIwY2xhc3MlM0QlMjJub21icmUtcmVnaW9uJTIyJTNFQ3ViYSUyMHklMjBDYXJpYmUlM0MlMkZzcGFuJTNFJTBBJTIwJTIwJTIwJTIwJTNDJTJGYnV0dG9uJTNFJTNDJTJGYSUzRSUwQSUzQ2ElMjBocmVmJTNEJTIyaHR0cCUzQSUyRiUyRnd3dy5tZWdhdHJhdmVsLmNvbS5teCUyRnRvb2xzJTJGdmkucGhwJTNGRGVzdCUzRDklMjIlMjB0YXJnZXQlM0QlMjJtZWdhdHJhdmVsJTIyJTNFJTNDYnV0dG9uJTIwY2xhc3MlM0QlMjJtYXAtcG9pbnQlMjIlMjBzdHlsZSUzRCUyMnRvcCUzQTU3JTI1JTNCbGVmdCUzQTI1JTI1JTIyJTNFJTBBJTIwJTIwJTIwJTIwJTIwJTIwJTIwJTIwJTNDc3BhbiUyMGNsYXNzJTNEJTIybm9tYnJlLXJlZ2lvbiUyMiUzRUNlbnRyb2FtJUMzJUE5cmljYSUzQyUyRnNwYW4lM0UlMEElMjAlMjAlMjAlMjAlM0MlMkZidXR0b24lM0UlM0MlMkZhJTNFJTBBJTNDYSUyMGhyZWYlM0QlMjJodHRwJTNBJTJGJTJGd3d3Lm1lZ2F0cmF2ZWwuY29tLm14JTJGdG9vbHMlMkZ2aS5waHAlM0ZEZXN0JTNENyUyMiUyMHRhcmdldCUzRCUyMm1lZ2F0cmF2ZWwlMjIlM0UlM0NidXR0b24lMjBjbGFzcyUzRCUyMm1hcC1wb2ludCUyMiUyMHN0eWxlJTNEJTIydG9wJTNBNzAlMjUlM0JsZWZ0JTNBMzIlMjUlMjIlM0UlMEElMjAlMjAlMjAlMjAlMjAlMjAlMjAlMjAlM0NzcGFuJTIwY2xhc3MlM0QlMjJub21icmUtcmVnaW9uJTIyJTNFU3VkYW0lQzMlQTlyaWNhJTNDJTJGc3BhbiUzRSUwQSUyMCUyMCUyMCUyMCUzQyUyRmJ1dHRvbiUzRSUzQyUyRmElM0UlMEElM0NhJTIwaHJlZiUzRCUyMmh0dHAlM0ElMkYlMkZ3d3cubWVnYXRyYXZlbC5jb20ubXglMkZ0b29scyUyRnZpLnBocCUzRkRlc3QlM0Q2JTIyJTIwdGFyZ2V0JTNEJTIybWVnYXRyYXZlbCUyMiUzRSUzQ2J1dHRvbiUyMGNsYXNzJTNEJTIybWFwLXBvaW50JTIyJTIwc3R5bGUlM0QlMjJ0b3AlM0E3NiUyNSUzQmxlZnQlM0E4Mi41JTI1JTIyJTNFJTBBJTIwJTIwJTIwJTIwJTIwJTIwJTIwJTIwJTNDc3BhbiUyMGNsYXNzJTNEJTIybm9tYnJlLXJlZ2lvbiUyMiUzRVBhYyVDMyVBRGZpY28lM0MlMkZzcGFuJTNFJTBBJTIwJTIwJTIwJTIwJTNDJTJGYnV0dG9uJTNFJTNDJTJGYSUzRSUwQSUzQ2ElMjBocmVmJTNEJTIyaHR0cCUzQSUyRiUyRnd3dy5tZWdhdHJhdmVsLmNvbS5teCUyRnRvb2xzJTJGdmkucGhwJTNGRGVzdCUzRDIlMjIlMjB0YXJnZXQlM0QlMjJtZWdhdHJhdmVsJTIyJTNFJTNDYnV0dG9uJTIwY2xhc3MlM0QlMjJtYXAtcG9pbnQlMjIlMjBzdHlsZSUzRCUyMnRvcCUzQTQ5JTI1JTNCbGVmdCUzQTU5JTI1JTIyJTNFJTBBJTIwJTIwJTIwJTIwJTIwJTIwJTIwJTIwJTNDc3BhbiUyMGNsYXNzJTNEJTIybm9tYnJlLXJlZ2lvbiUyMiUzRU1lZGlvJTIwT3JpZW50ZSUzQyUyRnNwYW4lM0UlMEElMjAlMjAlMjAlMjAlM0MlMkZidXR0b24lM0UlM0MlMkZhJTNFJTBBJTNDYSUyMGhyZWYlM0QlMjJodHRwJTNBJTJGJTJGd3d3Lm1lZ2F0cmF2ZWwuY29tLm14JTJGdG9vbHMlMkZ2aS5waHAlM0ZEZXN0JTNENCUyMiUyMHRhcmdldCUzRCUyMm1lZ2F0cmF2ZWwlMjIlM0UlM0NidXR0b24lMjBjbGFzcyUzRCUyMm1hcC1wb2ludCUyMiUyMHN0eWxlJTNEJTIydG9wJTNBMzclMjUlM0JsZWZ0JTNBNzUlMjUlMjIlM0UlMEElMjAlMjAlMjAlMjAlMjAlMjAlMjAlMjAlM0NzcGFuJTIwY2xhc3MlM0QlMjJub21icmUtcmVnaW9uJTIyJTNFQXNpYSUzQyUyRnNwYW4lM0UlMEElMjAlMjAlMjAlMjAlM0MlMkZidXR0b24lM0UlM0MlMkZhJTNFJTBBJTNDYSUyMGhyZWYlM0QlMjJodHRwJTNBJTJGJTJGd3d3Lm1lZ2F0cmF2ZWwuY29tLm14JTJGdG9vbHMlMkZ2aS5waHAlM0ZEZXN0JTNENSUyMiUyMHRhcmdldCUzRCUyMm1lZ2F0cmF2ZWwlMjIlM0UlM0NidXR0b24lMjBjbGFzcyUzRCUyMm1hcC1wb2ludCUyMiUyMHN0eWxlJTNEJTIydG9wJTNBNjAlMjUlM0JsZWZ0JTNBNTMlMjUlMjIlM0UlMEElMjAlMjAlMjAlMjAlMjAlMjAlMjAlMjAlM0NzcGFuJTIwY2xhc3MlM0QlMjJub21icmUtcmVnaW9uJTIyJTNFJUMzJTgxZnJpY2ElM0MlMkZzcGFuJTNFJTBBJTIwJTIwJTIwJTIwJTNDJTJGYnV0dG9uJTNFJTNDJTJGYSUzRSUwQSUzQ2ElMjBocmVmJTNEJTIyaHR0cCUzQSUyRiUyRnd3dy5tZWdhdHJhdmVsLmNvbS5teCUyRnRvb2xzJTJGdmkucGhwJTNGRGVzdCUzRDElMjIlMjB0YXJnZXQlM0QlMjJtZWdhdHJhdmVsJTIyJTNFJTNDYnV0dG9uJTIwY2xhc3MlM0QlMjJtYXAtcG9pbnQlMjIlMjBzdHlsZSUzRCUyMnRvcCUzQTM3JTI1JTNCbGVmdCUzQTQ5JTI1JTIyJTNFJTBBJTIwJTIwJTIwJTIwJTIwJTIwJTIwJTIwJTNDc3BhbiUyMGNsYXNzJTNEJTIybm9tYnJlLXJlZ2lvbiUyMiUzRUV1cm9wYSUzQyUyRnNwYW4lM0UlMEElMjAlMjAlMjAlMjAlM0MlMkZidXR0b24lM0UlM0MlMkZhJTNFJTBBJTNDJTJGZGl2JTNFJTBB[\/vc_raw_html][vc_column_text el_class=&#8221;btn-especiales&#8221; css=&#8221;.vc_custom_1527198912954{margin-bottom: 0px !important;}&#8221;]\n<ul>\n<li><a style=\"background-image: url('https:\/\/villatours.com.mx\/web\/wp-content\/uploads\/2018\/02\/especiales.jpg');\" href=\"https:\/\/q.megatravel.com.mx\/tools\/vi.php\" target=\"megatravel\" rel=\"noopener\">Promociones Vigentes<\/a><\/li>\n<li><a style=\"background-image: url('https:\/\/villatours.com.mx\/web\/wp-content\/uploads\/2018\/05\/eventos-especiales.jpg');\" href=\"https:\/\/q.megatravel.com.mx\/tools\/vi.php?Dest=12\" target=\"megatravel\" rel=\"noopener\">Eventos Especiales<\/a><\/li>\n<li><a style=\"background-image: url('https:\/\/villatours.com.mx\/web\/wp-content\/uploads\/2018\/05\/cruceros-especiales.jpg');\" href=\"https:\/\/q.megatravel.com.mx\/tools\/vi.php?Dest=13\" target=\"megatravel\" rel=\"noopener\">Cruceros<\/a><\/li>\n<\/ul>\n<p> [\/vc_column_text][vc_column_text el_class=&#8221;iframe-content&#8221; css=&#8221;.vc_custom_1521183619792{margin-bottom: 0px !important;}&#8221;]<iframe loading=\"lazy\" src=\"https:\/\/q.megatravel.com.mx\/tools\/vi.php? Dest=7&amp;txtColor=333333&amp;aColor=333333&amp;ahColor=FF6600&amp; thBG=28B1DF&amp;thTxColor=333333&amp;ff=9\" name=\"megatravel\" width=\"1170\" height=\"600\" frameborder=\"0\" align=\"left\"> <\/iframe>[\/vc_column_text][vc_row_inner][vc_column_inner width=&#8221;1\/2&#8243;][\/vc_column_inner][vc_column_inner width=&#8221;1\/2&#8243;][\/vc_column_inner][\/vc_row_inner][\/vc_column][\/mk_page_section][mk_page_section bg_color=&#8221;#2375dc&#8221; padding_top=&#8221;40&#8243; padding_bottom=&#8221;40&#8243; sidebar=&#8221;sidebar-1&#8243;][vc_column width=&#8221;2\/3&#8243;][mk_fancy_title color=&#8221;#ffffff&#8221; size=&#8221;30&#8243; margin_bottom=&#8221;0&#8243; font_family=&#8221;Muli&#8221; font_type=&#8221;google&#8221; el_class=&#8221;titulo-banda&#8221;]\u00bfEst\u00e1s planeando tu viaje? Solicita una cotizaci\u00f3n[\/mk_fancy_title][\/vc_column][vc_column width=&#8221;1\/3&#8243;][mk_button dimension=&#8221;flat&#8221; corner_style=&#8221;rounded&#8221; size=&#8221;large&#8221; letter_spacing=&#8221;1&#8243; align=&#8221;center&#8221; margin_bottom=&#8221;0&#8243; margin_right=&#8221;0&#8243; el_class=&#8221;btn-corner&#8221; bg_color=&#8221;#153fa5&#8243; btn_hover_bg=&#8221;#1d4dad&#8221; btn_hover_txt_color=&#8221;#ffffff&#8221;]Solicitar cotizaci\u00f3n [\/mk_button][\/vc_column][\/mk_page_section][mk_page_section bg_color=&#8221;#ffffff&#8221; padding_top=&#8221;40&#8243; padding_bottom=&#8221;40&#8243; sidebar=&#8221;sidebar-1&#8243;][vc_column][mk_icon_box icon=&#8221;mk-icon-edit&#8221; title=&#8221;Articulos de interes &#8221; text_size=&#8221;24&#8243; font_weight=&#8221;600&#8243; icon_size=&#8221;medium&#8221; icon_color=&#8221;#2e9cfe&#8221; icon_circle_color=&#8221;&#8221; title_color=&#8221;#355f93&#8243; el_class=&#8221;no-transform&#8221;][\/mk_icon_box][mk_blog_showcase excerpt_length=&#8221;73&#8243;][\/vc_column][\/mk_page_section][mk_page_section bg_color=&#8221;#00132f&#8221; padding_top=&#8221;40&#8243; padding_bottom=&#8221;40&#8243; sidebar=&#8221;sidebar-1&#8243;][vc_column width=&#8221;2\/3&#8243;][mk_fancy_title color=&#8221;#ffffff&#8221; size=&#8221;21&#8243; margin_bottom=&#8221;0&#8243; font_family=&#8221;Muli&#8221; font_type=&#8221;google&#8221; el_class=&#8221;titulo-banda&#8221;]Subscribete a nuestro Newsletter y recibe las mejores promociones[\/mk_fancy_title][\/vc_column][vc_column width=&#8221;1\/3&#8243;][vc_column_text css=&#8221;.vc_custom_1528856870254{margin-bottom: 0px !important;}&#8221;]<script>(function() {\n\twindow.mc4wp = window.mc4wp || {\n\t\tlisteners: [],\n\t\tforms: {\n\t\t\ton: function(evt, cb) {\n\t\t\t\twindow.mc4wp.listeners.push(\n\t\t\t\t\t{\n\t\t\t\t\t\tevent   : evt,\n\t\t\t\t\t\tcallback: cb\n\t\t\t\t\t}\n\t\t\t\t);\n\t\t\t}\n\t\t}\n\t}\n})();\n<\/script><!-- Mailchimp for WordPress v4.9.1 - https:\/\/wordpress.org\/plugins\/mailchimp-for-wp\/ --><form id=\"mc4wp-form-1\" class=\"mc4wp-form mc4wp-form-995\" method=\"post\" data-id=\"995\" data-name=\"Suscripci\u00f3n r\u00e1pida\" ><div class=\"mc4wp-form-fields\"><p>\r\n\t<label><\/label>\r\n\t<input type=\"email\" name=\"EMAIL\" placeholder=\"Tu email\" required style=\"border-radius:99px;margin-bottom: 0px;\" \/> <input type=\"submit\" value=\"Suscr\u00edbete\" class=\"btn-villatours\" style=\"display:inline;border-radius:99px;padding: 11px 28px;letter-spacing: 1px !important;\" \/>\r\n<\/p><\/div><label style=\"display: none !important;\">Leave this field empty if you're human: <input type=\"text\" name=\"_mc4wp_honeypot\" value=\"\" tabindex=\"-1\" autocomplete=\"off\" \/><\/label><input type=\"hidden\" name=\"_mc4wp_timestamp\" value=\"1776890295\" \/><input type=\"hidden\" name=\"_mc4wp_form_id\" value=\"995\" \/><input type=\"hidden\" name=\"_mc4wp_form_element_id\" value=\"mc4wp-form-1\" \/><div class=\"mc4wp-response\"><\/div><\/form><!-- \/ Mailchimp for WordPress Plugin -->[\/vc_column_text][\/vc_column][\/mk_page_section]\n","protected":false},"excerpt":{"rendered":"<p>[vc_row][vc_column][rev_slider_vc alias=&#8221;main-slider&#8221;][\/vc_column][\/vc_row][mk_page_section min_height=&#8221;0&#8243; padding_top=&#8221;0&#8243; padding_bottom=&#8221;0&#8243; el_class=&#8221;buscador-absoluto&#8221; sidebar=&#8221;sidebar-1&#8243;][vc_column][vc_raw_html]JTNDZGl2JTIwaWQlM0QlMjJwdHctY29udGFpbmVyJTIyJTIwY2xhc3MlM0QlMjJwdHctbWVudS12ZXJ0aWNhbCUyMiUzRSUwQSUzQ3NjcmlwdCUyMHR5cGUlM0QlMjJ0ZXh0JTJGamF2YXNjcmlwdCUyMiUyMHNyYyUzRCUyMmh0dHAlM0ElMkYlMkZ3aWRnZXRzLnByaWNlcmVzLmNvbS5teCUyRnZpbGxhdG91cnMlMkZqc29ucEJvb2tlciUyRnN0YXJ0V2lkZ2V0JTNGJTBBY29udGFpbmVyJTNEcHR3LWNvbnRhaW5lciUyNlVzZUNvbmZpZ3MlM0RmYWxzZSUyMiUzRSUzQyUyRnNjcmlwdCUzRSUzQyUyRmRpdiUzRSUwQSUwQQ==[\/vc_raw_html][vc_raw_html]JTNDZGl2JTIwY2xhc3MlM0QlMjJ0YXJqZXRhcyUyMiUzRSUwQSUzQ2g0JTIwc3R5bGUlM0QlMjIlMjAlMjAlMjAlMjBkaXNwbGF5JTNBJTIwdGFibGUtY2VsbCUzQnZlcnRpY2FsLWFsaWduJTNBJTIwbWlkZGxlJTNCZm9udC1zaXplJTNBJTIwMTNweCUzQmNvbG9yJTNBJTIwJTIzOWUxZTFlJTNCJTIyJTNFSEFTVEElMjAyNCUyME1FU0VTJTIwU0lOJTIwSU5URVJFU0VTJTNDJTJGaDQlM0UlMEElM0NpbWclMjBzcmMlM0QlMjJodHRwJTNBJTJGJTJGbWFyaW9yb3NhZG8uY29tLm14JTJGdmlsbGF0b3VycyUyRndwLWNvbnRlbnQlMkZ1cGxvYWRzJTJGMjAxOCUyRjAzJTJGY2FwdHVyYS1kZS1wYW50YWxsYS0yMDE4LTAzLTE0LWEtbGFzLTEuMDUuMzAtcC5tLi5wbmclMjJzdHlsZSUzRCUyMmZsb2F0JTNBcmlnaHQlM0J3aWR0aCUzQSUyMDI1N3B4JTNCJTIyJTNFJTBBJTNDJTJGZGl2JTNF[\/vc_raw_html][\/vc_column][\/mk_page_section][mk_page_section bg_color=&#8221;#ffffff&#8221; padding_top=&#8221;40&#8243; padding_bottom=&#8221;40&#8243; sidebar=&#8221;sidebar-1&#8243;][vc_column][vc_column_text css=&#8221;.vc_custom_1519346033737{margin-bottom: 0px !important;}&#8221;] Elige la ocasi\u00f3n No importa cu\u00e1l sea la ocasi\u00f3n, tenemos el destino ideal para ese viaje que est\u00e1s planeando [\/vc_column_text][mk_gallery images=&#8221;36,35,34,33&#8243; custom_links=&#8221;\/web\/viajes-amigos\/,\/web\/viajes-aventura\/,\/web\/viajes-familia\/,\/web\/viajes-luna-de-miel\/,&#8221; column=&#8221;4&#8243; image_size=&#8221;full&#8221; hover_scenarios=&#8221;overlay_layer&#8221; overlay_color=&#8221;rgba(17,23,63,0.8)&#8221; el_class=&#8221;ocasion&#8221;][\/vc_column][\/mk_page_section][mk_page_section bg_image=&#8221;https:\/\/villatours.com.mx\/web\/wp-content\/uploads\/2018\/01\/pareja-cell.jpg&#8221; bg_color=&#8221;#f4f4f4&#8243; bg_position=&#8221;center top&#8221; bg_repeat=&#8221;no-repeat&#8221; enable_3d=&#8221;true&#8221; speed_factor=&#8221;0.2&#8243; bg_gradient=&#8221;horizontal&#8221; video_color_mask=&#8221;#1a2f6b&#8221; gr_end=&#8221;rgba(0,136,116,0.18)&#8221; video_opacity=&#8221;1&#8243; min_height=&#8221;200&#8243; padding_top=&#8221;60&#8243; padding_bottom=&#8221;40&#8243; [&hellip;]<\/p>\n","protected":false},"author":1,"featured_media":0,"parent":0,"menu_order":0,"comment_status":"closed","ping_status":"closed","template":"","meta":[],"acf":[],"_links":{"self":[{"href":"https:\/\/villatours.com.mx\/web\/wp-json\/wp\/v2\/pages\/19"}],"collection":[{"href":"https:\/\/villatours.com.mx\/web\/wp-json\/wp\/v2\/pages"}],"about":[{"href":"https:\/\/villatours.com.mx\/web\/wp-json\/wp\/v2\/types\/page"}],"author":[{"embeddable":true,"href":"https:\/\/villatours.com.mx\/web\/wp-json\/wp\/v2\/users\/1"}],"replies":[{"embeddable":true,"href":"https:\/\/villatours.com.mx\/web\/wp-json\/wp\/v2\/comments?post=19"}],"version-history":[{"count":1,"href":"https:\/\/villatours.com.mx\/web\/wp-json\/wp\/v2\/pages\/19\/revisions"}],"predecessor-version":[{"id":1049,"href":"https:\/\/villatours.com.mx\/web\/wp-json\/wp\/v2\/pages\/19\/revisions\/1049"}],"wp:attachment":[{"href":"https:\/\/villatours.com.mx\/web\/wp-json\/wp\/v2\/media?parent=19"}],"curies":[{"name":"wp","href":"https:\/\/api.w.org\/{rel}","templated":true}]}}